atest common factor of 155 and l.
31
Let x(m) = -78*m + 27. Let n be x(-2). What is the greatest common factor of n and 61?
61
Let p = -168 - -172. Calculate the highest common factor of 116 and p.
4
Let p(d) = -19*d**3 - d**2 - d. Let u be p(-1). Suppose 5*j - u = -z + 46, 0 = z - j - 41. Calculate the highest common divisor of z and 30.
15
Let n be (-1 - 362)*25/(-75). Suppose -1 + 49 = -3*x - 4*j, -46 = 2*x - 2*j. Let u be (x/(-30))/(2/33). Calculate the greatest common divisor of u and n.
11
Let w(l) = 9*l**3 - 5*l + 5. Let z be w(1). Suppose -v = -7 - z. What is the greatest common factor of 2 and v?
2
Let j(c) = -c**3 + 12*c**2 - 12*c + 11. Let z be j(11). Suppose -p + 36 = -z*p. What is the greatest common divisor of p and 24?
12
Let n(l) = 2*l - 44. Let v be n(7). Let u(q) = -10*q - 1. Let o be u(5). Let d = v - o. What is the highest common divisor of d and 14?
7
Let p be 6/2 - (7 + 1). Let m be -1 + p/((-10)/(-6)). Let h be 122 + m/(-8)*-4. What is the greatest common divisor of 15 and h?
15
Let f(n) = -n + 25. Let p = 24 + -10. Let b be f(p). Calculate the greatest common divisor of b and 11.
11
Suppose -2*w = -3*c + 2566, -7*w = 2*c - 2*w - 1736. Let t be (-1)/((-3435)/c + 4). Suppose 0*a = -a + 26. What is the greatest common factor of t and a?
26
Suppose 0 = -y + 3 - 5, -5*y + 1302 = j. Calculate the greatest common factor of j and 32.
32
Suppose 5*s - 17 = 4*s. Suppose 2*o = -5*d - s, 5*o + 0 = 20. Let c be (d/(-4))/(8/96). What is the greatest common factor of c and 3?
3
Let f = 336 + -280. What is the highest common factor of 72 and f?
8
Let s(d) = 20*d + 127. Let z be s(-5). Calculate the highest common factor of 3 and z.
3
Let j = -13 - -8. Let t be 2 + 424 + j + 2. Let y = t - 192. Calculate the greatest common factor of 21 and y.
21
Suppose a = -b - 2, 6*b + 16 = 2*a + 4*b. Suppose 2*p + 12 = a*p - 4*c, p - 21 = -5*c. Calculate the greatest common factor of 8 and p.
8
Suppose -67*l + 1171 + 638 = 0. Calculate the highest common divisor of 81 and l.
27
Suppose 0 = -4*b, -5*d = -4*b - 1285 + 165. What is the greatest common factor of d and 280?
56
Let g = 626 + -530. Calculate the greatest common factor of 204 and g.
12
Let r be -4*(-3)/(-7)*-7. Let u be 12*((-3)/4)/(24/(-16)). Let z = u - -30. Calculate the greatest common divisor of z and r.
12
Let t be 3 + -1 - 5/(-1). Suppose 4*q = 144 + 136. Calculate the highest common divisor of q and t.
7
Let d be (-15)/(-10)*-20*380/(-50). What is the greatest common factor of d and 60?
12
Let l be (1 + 1)/1 + 0. Let f = -64 + 65. What is the greatest common factor of l and f?
1
Let v = -298 - -209. Let y = -60 - v. What is the greatest common divisor of 116 and y?
29
Suppose 15*x + 36*x - 3825 = 0. Calculate the highest common divisor of 120 and x.
15
Suppose 0 = -5*a + 18 + 7. Let w = -6 - -8. Suppose y = 2*c - y - 52, -3*c + w*y + 77 = 0. What is the greatest common factor of a and c?
5
Suppose 0 = 3*z + 5*w - 17, -z + 0*w = -2*w - 2. Suppose z*v = 66 - 30. Calculate the greatest common divisor of 27 and v.
9
Suppose 0*j + 5*j + i + 1 = 0, -5 = 5*i. Let w = 102 - 100. Suppose j*n + 20 = w*n. What is the highest common divisor of 10 and n?
10
Let c(k) = -10*k - 20. Let l be c(-6). What is the highest common factor of l and 170?
10
Suppose -10*v - 1152 = -16*v. Calculate the greatest common factor of 36 and v.
12
Suppose -c - 4 = 0, 5*a = -0*a - c + 116. Calculate the greatest common divisor of a and 144.
24
Let o(x) = x**2 - 13*x + 2. Let p be o(16). Let c = p + -48. What is the highest common divisor of 10 and c?
2
Let v = 515 - 416. What is the highest common factor of v and 11?
11
Let j = 72 + -39. Suppose 3*r + 2*t + 45 + 23 = 0, 2*r - 3*t = -28. Let p = r - -42. Calculate the highest common divisor of j and p.
11
Let b(p) = -2*p + 4. Let j(m) = -1. Let z(x) = b(x) + 5*j(x). Let c be z(0). Let u be c/(-3)*-3 - -15. What is the greatest common factor of u and 35?
7
Let n(i) = i**2 + 27*i + 189. Let g be n(-6). What is the greatest common factor of 27 and g?
9
Let p(r) = -2*r**2 + r. Let v be p(-1). Let c be (-16)/(3 + 1) - v. Let n be -3 - (-27)/((-1)/c). What is the highest common factor of n and 12?
12
Let u = 31 + -18. Let a = 33 - 29. Suppose -2*s + 4*q + 18 = 0, -a*s = -0*s - 5*q - 42. Calculate the greatest common divisor of s and u.
13
Let n = -42 - -17. Let a = -7 - n. Let o be (17 + 1)/(15/10). Calculate the highest common factor of a and o.
6
Suppose 4*x - 90 = -m + 93, 4*x = 4*m - 672. Let j(f) = 2*f + 10. Let l be j(-6). Let a be l/(-8) + (-225)/(-12). What is the greatest common factor of m and a?
19
Let d be ((-762)/127)/(3/(-208)). What is the greatest common factor of 32 and d?
32
Let g(x) = -4*x + 12. Let m be g(3). Suppose -2*s - 44 + 74 = m. Calculate the greatest common factor of s and 165.
15
Let q = 1398 - 1308. Let r = 52 + -34. What is the greatest common divisor of q and r?
18
Suppose 450 = u + 4*u. What is the highest common divisor of u and 288?
18
Suppose -76 = 5*b - 451. What is the highest common factor of 100 and b?
25
Let p(y) = -214*y**3 + y**2 - 3*y - 2. Let t be p(-1). Calculate the highest common factor of 162 and t.
54
Suppose 101*c - 326 = 3310. Calculate the greatest common divisor of 99 and c.
9
Suppose 6*u + 324 = 2*u. Let w = -72 - u. Calculate the highest common divisor of 63 and w.
9
Let y be ((-48)/10)/((-192)/240). Let d(t) = -2*t**3 + t**2 + t. Let g be d(-1). Calculate the highest common divisor of y and g.
2
Let g(l) = -l**2 - 6*l - 2. Let v be g(-5). Suppose -v*y - 588 = -6*y. Calculate the highest common factor of 28 and y.
28
Suppose -37 = 5*u + 3*b - 202, -4*u - b = -132. Suppose -800 = -5*s - 4*o + 335, s - o = 236. What is the highest common factor of s and u?
33
Let a(x) = -10*x + 244. Let m be a(22). Let t be (12/18)/((-1)/(-54)). Calculate the greatest common divisor of m and t.
12
Suppose 5*m + 11 + 8 = s, 4*m = -12. Suppose -s*j - 5 = -3*j, 5*j = -5*a + 150. Calculate the greatest common divisor of a and 5.
5
Let q(n) = -2*n - 8. Let i be q(-4). Let s be -5 + 10 + i + -1. Suppose s*p = -w + 5, -4*w + 2*p = 7*p - 42. Calculate the greatest common factor of 13 and w.
13
Suppose -4*t = -5*v - 1185, 0 = 7*v - 3*v - 12. Calculate the highest common factor of t and 20.
20
Let c be (3 - -2*((-225)/10)/9) + 34. Suppose -b + 0 = -4. What is the highest common factor of c and b?
4
Suppose 0*g = 7*g - 35. Let z be 12 + 0 + (-9 + g)/2. What is the greatest common factor of 5 and z?
5
Suppose 0 = -5*y - 0*y + 850. Let o(n) = 3*n**2 + 3*n - 10. Let r be o(-6). Let a = y - r. What is the highest common factor of 10 and a?
10
Let f be 47 + (-17 - -8 - -4). What is the greatest common factor of 224 and f?
14
Let h(b) = -3*b**3 - 5*b**2 - 101*b - 401. Let d be h(-4). Let y = -58 - -81. Calculate the highest common divisor of d and y.
23
Let g(c) = 4*c - 4. Let n be g(3). Let f(s) = -s**2 - 4*s + 13. Let l be f(-8). Let t = 27 + l. Calculate the highest common factor of n and t.
8
Suppose 2*z + z + 259 = 5*w, 3*z + 9 = 0. What is the greatest common factor of 10 and w?
10
Let b be (-3)/4*(1140 + -5 + -7). Let g be (-4)/10 - b/90. What is the highest common factor of 36 and g?
9
Suppose -4*a - 34 = -3*f, 30 = 3*f + 4*a - 20. Let n = 140 - 138. Calculate the greatest common factor of n and f.
2
Let q = 565 + -331. Let a(c) = c**3 + c**2 - c + 26. Let b(w) = w - 5. Let d be b(5). Let f be a(d). Calculate the greatest common divisor of f and q.
26
Let q = 15 + -3. Suppose 0 = -2*m + 4, 13*o = 8*o - m + 542. What is the highest common factor of o and q?
12
Suppose 14 + 5 = v. Let s be (-6)/(-15) - (-2)/(-5). Suppose s*h = 5*h - 380. Calculate the highest common divisor of v and h.
19
Suppose 3*f - 5*b - 22 = 0, -4*f + 65 = 3*b + 26. Let m be (-12)/(-8)*(-20)/(-6). Suppose -6*q + m*q + 9 = 0. Calculate the highest common factor of q and f.
9
Let s(a) = a**3 + 6*a**2 + 2. Let y be s(-6). Let v be 15/6*10 - 4. Let p be (-14)/v*(-9)/y. Calculate the highest common factor of p and 6.
3
Suppose 5*o + 3*y - 732 = 142, o = y + 178. Let v(r) = 16*r**2 + 6*r - 6. Let u be v(1). Calculate the greatest common factor of o and u.
16
Let j = -2617 + 4657. What is the highest common factor of j and 12?
12
Suppose 2*i + i = 48. Suppose -j + i = -5. What 